{"id":2015,"date":"2023-07-11T14:23:01","date_gmt":"2023-07-11T12:23:01","guid":{"rendered":"http:\/\/msidee.fr\/?page_id=2015"},"modified":"2026-02-06T00:20:31","modified_gmt":"2026-02-05T23:20:31","slug":"aspiration","status":"publish","type":"page","link":"https:\/\/msidee.com\/index.php\/aspiration\/","title":{"rendered":"Aspiration"},"content":{"rendered":"\t\t<div data-elementor-type=\"wp-page\" data-elementor-id=\"2015\" class=\"elementor elementor-2015\">\n\t\t\t\t\t\t\t\t\t<section class=\"elementor-section elementor-top-section elementor-element elementor-element-0161d8e elementor-section-boxed elementor-section-height-default elementor-section-height-default\" data-id=\"0161d8e\" data-element_type=\"section\">\n\t\t\t\t\t\t<div class=\"elementor-container elementor-column-gap-no\">\n\t\t\t\t\t<div class=\"elementor-column elementor-col-100 elementor-top-column elementor-element elementor-element-23da9a4\" data-id=\"23da9a4\" data-element_type=\"column\">\n\t\t\t<div class=\"elementor-widget-wrap elementor-element-populated\">\n\t\t\t\t\t\t\t\t<section class=\"elementor-section elementor-inner-section elementor-element elementor-element-7384190 elementor-section-full_width elementor-section-height-default elementor-section-height-default\" data-id=\"7384190\" data-element_type=\"section\">\n\t\t\t\t\t\t<div class=\"elementor-container elementor-column-gap-no\">\n\t\t\t\t\t<div class=\"elementor-column elementor-col-50 elementor-inner-column elementor-element elementor-element-3336686\" data-id=\"3336686\" data-element_type=\"column\">\n\t\t\t<div class=\"elementor-widget-wrap elementor-element-populated\">\n\t\t\t\t\t\t\t\t<div class=\"elementor-element elementor-element-4562d28 elementor-widget elementor-widget-text-editor\" data-id=\"4562d28\" data-element_type=\"widget\" data-widget_type=\"text-editor.default\">\n\t\t\t\t<div class=\"elementor-widget-container\">\n\t\t\t<style>\/*! elementor - v3.13.3 - 28-05-2023 *\/\n.elementor-widget-text-editor.elementor-drop-cap-view-stacked .elementor-drop-cap{background-color:#69727d;color:#fff}.elementor-widget-text-editor.elementor-drop-cap-view-framed .elementor-drop-cap{color:#69727d;border:3px solid;background-color:transparent}.elementor-widget-text-editor:not(.elementor-drop-cap-view-default) .elementor-drop-cap{margin-top:8px}.elementor-widget-text-editor:not(.elementor-drop-cap-view-default) .elementor-drop-cap-letter{width:1em;height:1em}.elementor-widget-text-editor .elementor-drop-cap{float:left;text-align:center;line-height:1;font-size:50px}.elementor-widget-text-editor .elementor-drop-cap-letter{display:inline-block}<\/style>\t\t\t\t<div>Cr\u00e9ation d&#8217;un syst\u00e8me d&#8217;aspiration.<\/div>\t\t\t\t\t\t<\/div>\n\t\t\t\t<\/div>\n\t\t\t\t<div class=\"elementor-element elementor-element-560b7a3 elementor-widget elementor-widget-image\" data-id=\"560b7a3\" data-element_type=\"widget\" data-widget_type=\"image.default\">\n\t\t\t\t<div class=\"elementor-widget-container\">\n\t\t\t<style>\/*! elementor - v3.13.3 - 28-05-2023 *\/\n.elementor-widget-image{text-align:center}.elementor-widget-image a{display:inline-block}.elementor-widget-image a img[src$=\".svg\"]{width:48px}.elementor-widget-image img{vertical-align:middle;display:inline-block}<\/style>\t\t\t\t\t\t\t\t\t\t\t\t<img loading=\"lazy\" decoding=\"async\" width=\"683\" height=\"1024\" src=\"https:\/\/msidee.com\/wp-content\/uploads\/2026\/02\/Aspiration_1-683x1024.png\" class=\"attachment-large size-large wp-image-2401\" alt=\"\" srcset=\"https:\/\/msidee.com\/wp-content\/uploads\/2026\/02\/Aspiration_1-683x1024.png 683w, https:\/\/msidee.com\/wp-content\/uploads\/2026\/02\/Aspiration_1-200x300.png 200w, https:\/\/msidee.com\/wp-content\/uploads\/2026\/02\/Aspiration_1-768x1152.png 768w, https:\/\/msidee.com\/wp-content\/uploads\/2026\/02\/Aspiration_1-600x900.png 600w, https:\/\/msidee.com\/wp-content\/uploads\/2026\/02\/Aspiration_1.png 1024w\" sizes=\"auto, (max-width: 683px) 100vw, 683px\" \/>\t\t\t\t\t\t\t\t\t\t\t\t\t\t\t<\/div>\n\t\t\t\t<\/div>\n\t\t\t\t<div class=\"elementor-element elementor-element-9236642 elementor-widget elementor-widget-image\" data-id=\"9236642\" data-element_type=\"widget\" data-widget_type=\"image.default\">\n\t\t\t\t<div class=\"elementor-widget-container\">\n\t\t\t\t\t\t\t\t\t\t\t\t\t\t\t<img loading=\"lazy\" decoding=\"async\" width=\"751\" height=\"563\" src=\"https:\/\/msidee.com\/wp-content\/uploads\/2026\/01\/WhatsApp-Image-2025-12-20-at-01.37.16-1024x768.jpeg\" class=\"attachment-large size-large wp-image-2331\" alt=\"\" srcset=\"https:\/\/msidee.com\/wp-content\/uploads\/2026\/01\/WhatsApp-Image-2025-12-20-at-01.37.16-1024x768.jpeg 1024w, https:\/\/msidee.com\/wp-content\/uploads\/2026\/01\/WhatsApp-Image-2025-12-20-at-01.37.16-300x225.jpeg 300w, https:\/\/msidee.com\/wp-content\/uploads\/2026\/01\/WhatsApp-Image-2025-12-20-at-01.37.16-768x576.jpeg 768w, https:\/\/msidee.com\/wp-content\/uploads\/2026\/01\/WhatsApp-Image-2025-12-20-at-01.37.16-1536x1152.jpeg 1536w, https:\/\/msidee.com\/wp-content\/uploads\/2026\/01\/WhatsApp-Image-2025-12-20-at-01.37.16-600x450.jpeg 600w, https:\/\/msidee.com\/wp-content\/uploads\/2026\/01\/WhatsApp-Image-2025-12-20-at-01.37.16.jpeg 2048w\" sizes=\"auto, (max-width: 751px) 100vw, 751px\" \/>\t\t\t\t\t\t\t\t\t\t\t\t\t\t\t<\/div>\n\t\t\t\t<\/div>\n\t\t\t\t<div class=\"elementor-element elementor-element-629909b elementor-widget elementor-widget-image\" data-id=\"629909b\" data-element_type=\"widget\" data-widget_type=\"image.default\">\n\t\t\t\t<div class=\"elementor-widget-container\">\n\t\t\t\t\t\t\t\t\t\t\t\t\t\t\t<img loading=\"lazy\" decoding=\"async\" width=\"751\" height=\"563\" src=\"https:\/\/msidee.com\/wp-content\/uploads\/2026\/01\/WhatsApp-Image-2025-12-20-at-01.37.17-1-1024x768.jpeg\" class=\"attachment-large size-large wp-image-2332\" alt=\"\" srcset=\"https:\/\/msidee.com\/wp-content\/uploads\/2026\/01\/WhatsApp-Image-2025-12-20-at-01.37.17-1-1024x768.jpeg 1024w, https:\/\/msidee.com\/wp-content\/uploads\/2026\/01\/WhatsApp-Image-2025-12-20-at-01.37.17-1-300x225.jpeg 300w, https:\/\/msidee.com\/wp-content\/uploads\/2026\/01\/WhatsApp-Image-2025-12-20-at-01.37.17-1-768x576.jpeg 768w, https:\/\/msidee.com\/wp-content\/uploads\/2026\/01\/WhatsApp-Image-2025-12-20-at-01.37.17-1-1536x1152.jpeg 1536w, https:\/\/msidee.com\/wp-content\/uploads\/2026\/01\/WhatsApp-Image-2025-12-20-at-01.37.17-1-600x450.jpeg 600w, https:\/\/msidee.com\/wp-content\/uploads\/2026\/01\/WhatsApp-Image-2025-12-20-at-01.37.17-1.jpeg 2048w\" sizes=\"auto, (max-width: 751px) 100vw, 751px\" \/>\t\t\t\t\t\t\t\t\t\t\t\t\t\t\t<\/div>\n\t\t\t\t<\/div>\n\t\t\t\t<div class=\"elementor-element elementor-element-0f46657 elementor-widget elementor-widget-text-editor\" data-id=\"0f46657\" data-element_type=\"widget\" data-widget_type=\"text-editor.default\">\n\t\t\t\t<div class=\"elementor-widget-container\">\n\t\t\t\t\t\t\t<div>Cr\u00e9ation du syst\u00e8me d&#8217;aspiration des COV sur une machine d&#8217;impression.<\/div>\t\t\t\t\t\t<\/div>\n\t\t\t\t<\/div>\n\t\t\t\t<div class=\"elementor-element elementor-element-674b0da elementor-widget elementor-widget-image\" data-id=\"674b0da\" data-element_type=\"widget\" data-widget_type=\"image.default\">\n\t\t\t\t<div class=\"elementor-widget-container\">\n\t\t\t\t\t\t\t\t\t\t\t\t\t\t\t<img loading=\"lazy\" decoding=\"async\" width=\"751\" height=\"716\" src=\"https:\/\/msidee.com\/wp-content\/uploads\/2023\/07\/service_inner_aspiration_1_grand-1024x976.png\" class=\"attachment-large size-large wp-image-2017\" alt=\"\" srcset=\"https:\/\/msidee.com\/wp-content\/uploads\/2023\/07\/service_inner_aspiration_1_grand-1024x976.png 1024w, https:\/\/msidee.com\/wp-content\/uploads\/2023\/07\/service_inner_aspiration_1_grand-300x286.png 300w, https:\/\/msidee.com\/wp-content\/uploads\/2023\/07\/service_inner_aspiration_1_grand-768x732.png 768w, https:\/\/msidee.com\/wp-content\/uploads\/2023\/07\/service_inner_aspiration_1_grand-600x572.png 600w, https:\/\/msidee.com\/wp-content\/uploads\/2023\/07\/service_inner_aspiration_1_grand.png 1200w\" sizes=\"auto, (max-width: 751px) 100vw, 751px\" \/>\t\t\t\t\t\t\t\t\t\t\t\t\t\t\t<\/div>\n\t\t\t\t<\/div>\n\t\t\t\t<div class=\"elementor-element elementor-element-441a9fe elementor-widget elementor-widget-text-editor\" data-id=\"441a9fe\" data-element_type=\"widget\" data-widget_type=\"text-editor.default\">\n\t\t\t\t<div class=\"elementor-widget-container\">\n\t\t\t\t\t\t\t<div>Cr\u00e9ation d&#8217;un syst\u00e8me d&#8217;aspiration des copeaux et poussi\u00e8res dans\u00a0une\u00a0menuiserie.<\/div>\t\t\t\t\t\t<\/div>\n\t\t\t\t<\/div>\n\t\t\t\t<div class=\"elementor-element elementor-element-5f036a5 elementor-widget elementor-widget-image\" data-id=\"5f036a5\" data-element_type=\"widget\" data-widget_type=\"image.default\">\n\t\t\t\t<div class=\"elementor-widget-container\">\n\t\t\t\t\t\t\t\t\t\t\t\t\t\t\t<img loading=\"lazy\" decoding=\"async\" width=\"751\" height=\"425\" src=\"https:\/\/msidee.com\/wp-content\/uploads\/2023\/07\/service_inner_aspiration_2_grand-1024x580.png\" class=\"attachment-large size-large wp-image-2018\" alt=\"\" srcset=\"https:\/\/msidee.com\/wp-content\/uploads\/2023\/07\/service_inner_aspiration_2_grand-1024x580.png 1024w, https:\/\/msidee.com\/wp-content\/uploads\/2023\/07\/service_inner_aspiration_2_grand-300x170.png 300w, https:\/\/msidee.com\/wp-content\/uploads\/2023\/07\/service_inner_aspiration_2_grand-768x435.png 768w, https:\/\/msidee.com\/wp-content\/uploads\/2023\/07\/service_inner_aspiration_2_grand-391x220.png 391w, https:\/\/msidee.com\/wp-content\/uploads\/2023\/07\/service_inner_aspiration_2_grand-1536x871.png 1536w, https:\/\/msidee.com\/wp-content\/uploads\/2023\/07\/service_inner_aspiration_2_grand-2048x1161.png 2048w, https:\/\/msidee.com\/wp-content\/uploads\/2023\/07\/service_inner_aspiration_2_grand-600x340.png 600w\" sizes=\"auto, (max-width: 751px) 100vw, 751px\" \/>\t\t\t\t\t\t\t\t\t\t\t\t\t\t\t<\/div>\n\t\t\t\t<\/div>\n\t\t\t\t\t<\/div>\n\t\t<\/div>\n\t\t\t\t<div class=\"elementor-column elementor-col-50 elementor-inner-column elementor-element elementor-element-ea3f1a5 sidebar-area elementor-invisible\" data-id=\"ea3f1a5\" data-element_type=\"column\" data-settings=\"{&quot;animation&quot;:&quot;bounceIn&quot;}\">\n\t\t\t<div class=\"elementor-widget-wrap elementor-element-populated\">\n\t\t\t\t\t\t\t\t<div class=\"elementor-element elementor-element-b38fa44 elementor-widget elementor-widget-text-editor\" data-id=\"b38fa44\" data-element_type=\"widget\" data-widget_type=\"text-editor.default\">\n\t\t\t\t<div class=\"elementor-widget-container\">\n\t\t\t\t\t\t\t<div class=\"widget widget_call background-image\" style=\"background-image: url('assets\/img\/bg\/widget_bg_1.jpg');\"><div class=\"widget-call\"><h4 class=\"box-title\">Un besoin en syst\u00e8me d&#8217;aspiration ?<\/h4><p><br \/><a class=\"call\" href=\"http:\/\/+33613026652\">+33-6-13-02-66-52<\/a><\/p><p class=\"text\">Contactez-nous en cas d&#8217;urgence ou pour \u00e9tudier votre besoin d&#8217;installation \u00e0 cr\u00e9er\/revoir.<\/p><p><a class=\"themeholy-btn style3\" href=\"https:\/\/msidee.com\/index.php\/contact\/\">Nous contacter<\/a><\/p><\/div><\/div>\t\t\t\t\t\t<\/div>\n\t\t\t\t<\/div>\n\t\t\t\t\t<\/div>\n\t\t<\/div>\n\t\t\t\t\t\t\t<\/div>\n\t\t<\/section>\n\t\t\t\t\t<\/div>\n\t\t<\/div>\n\t\t\t\t\t\t\t<\/div>\n\t\t<\/section>\n\t\t\t\t\t\t\t<\/div>\n\t\t","protected":false},"excerpt":{"rendered":"<p>Cr\u00e9ation d&#8217;un syst\u00e8me d&#8217;aspiration. Cr\u00e9ation du syst\u00e8me d&#8217;aspiration des COV sur une machine d&#8217;impression. Cr\u00e9ation d&#8217;un syst\u00e8me d&#8217;aspiration des copeaux et poussi\u00e8res dans\u00a0une\u00a0menuiserie. Un besoin en syst\u00e8me d&#8217;aspiration ? +33-6-13-02-66-52 Contactez-nous en cas d&#8217;urgence ou pour \u00e9tudier votre besoin d&#8217;installation \u00e0 cr\u00e9er\/revoir. Nous contacter<\/p>\n","protected":false},"author":1,"featured_media":0,"parent":0,"menu_order":0,"comment_status":"closed","ping_status":"closed","template":"","meta":{"footnotes":""},"class_list":["post-2015","page","type-page","status-publish","hentry"],"_links":{"self":[{"href":"https:\/\/msidee.com\/index.php\/wp-json\/wp\/v2\/pages\/2015","targetHints":{"allow":["GET"]}}],"collection":[{"href":"https:\/\/msidee.com\/index.php\/wp-json\/wp\/v2\/pages"}],"about":[{"href":"https:\/\/msidee.com\/index.php\/wp-json\/wp\/v2\/types\/page"}],"author":[{"embeddable":true,"href":"https:\/\/msidee.com\/index.php\/wp-json\/wp\/v2\/users\/1"}],"replies":[{"embeddable":true,"href":"https:\/\/msidee.com\/index.php\/wp-json\/wp\/v2\/comments?post=2015"}],"version-history":[{"count":13,"href":"https:\/\/msidee.com\/index.php\/wp-json\/wp\/v2\/pages\/2015\/revisions"}],"predecessor-version":[{"id":2404,"href":"https:\/\/msidee.com\/index.php\/wp-json\/wp\/v2\/pages\/2015\/revisions\/2404"}],"wp:attachment":[{"href":"https:\/\/msidee.com\/index.php\/wp-json\/wp\/v2\/media?parent=2015"}],"curies":[{"name":"wp","href":"https:\/\/api.w.org\/{rel}","templated":true}]}}